at are the prime factors of 10699?
13, 823
What are the prime factors of 34790?
2, 5, 7, 71
What are the prime factors of 997?
997
What are the prime factors of 300?
2, 3, 5
What are the prime factors of 14958?
2, 3, 277
List the prime factors of 29675.
5, 1187
What are the prime factors of 66612?
2, 3, 7, 13, 61
List the prime factors of 97989.
3, 89, 367
What are the prime factors of 3519?
3, 17, 23
List the prime factors of 15975.
3, 5, 71
What are the prime factors of 388?
2, 97
What are the prime factors of 149689?
149689
List the prime factors of 412.
2, 103
List the prime factors of 284.
2, 71
List the prime factors of 3243.
3, 23, 47
List the prime factors of 39925.
5, 1597
List the prime factors of 1416.
2, 3, 59
What are the prime factors of 31432?
2, 3929
List the prime factors of 91688.
2, 73, 157
What are the prime factors of 622?
2, 311
List the prime factors of 81379.
17, 4787
List the prime factors of 664.
2, 83
What are the prime factors of 23163?
3, 7, 1103
List the prime factors of 22785.
3, 5, 7, 31
What are the prime factors of 35569?
35569
What are the prime factors of 30465?
3, 5, 677
What are the prime factors of 6198?
2, 3, 1033
List the prime factors of 75315.
3, 5, 5021
What are the prime factors of 1227?
3, 409
What are the prime factors of 9548?
2, 7, 11, 31
What are the prime factors of 17118?
2, 3, 317
List the prime factors of 1110.
2, 3, 5, 37
List the prime factors of 4141.
41, 101
List the prime factors of 46049.
46049
List the prime factors of 51574.
2, 107, 241
What are the prime factors of 26274?
2, 3, 29, 151
What are the prime factors of 1343?
17, 79
List the prime factors of 10694.
2, 5347
List the prime factors of 1683.
3, 11, 17
List the prime factors of 70584.
2, 3, 17, 173
List the prime factors of 1203.
3, 401
What are the prime factors of 21234?
2, 3, 3539
What are the prime factors of 956?
2, 239
List the prime factors of 12021.
3, 4007
List the prime factors of 393.
3, 131
What are the prime factors of 23513?
7, 3359
List the prime factors of 10784.
2, 337
What are the prime factors of 4663?
4663
What are the prime factors of 14437?
14437
What are the prime factors of 166341?
3, 7, 89
List the prime factors of 39076.
2, 9769
What are the prime factors of 588?
2, 3, 7
What are the prime factors of 10865?
5, 41, 53
What are the prime factors of 21672?
2, 3, 7, 43
What are the prime factors of 4054?
2, 2027
List the prime factors of 146275.
5, 5851
List the prime factors of 52860.
2, 3, 5, 881
What are the prime factors of 3707?
11, 337
What are the prime factors of 772?
2, 193
What are the prime factors of 75303?
3, 2789
List the prime factors of 28889.
7, 4127
List the prime factors of 25713.
3, 2857
What are the prime factors of 64671?
3, 21557
What are the prime factors of 12448?
2, 389
List the prime factors of 30187.
30187
What are the prime factors of 989?
23, 43
What are the prime factors of 205?
5, 41
What are the prime factors of 913?
11, 83
List the prime factors of 5197.
5197
What are the prime factors of 27151?
19, 1429
What are the prime factors of 4268?
2, 11, 97
List the prime factors of 1460.
2, 5, 73
What are the prime factors of 599?
599
List the prime factors of 1069.
1069
What are the prime factors of 1904?
2, 7, 17
List the prime factors of 1456.
2, 7, 13
List the prime factors of 13050.
2, 3, 5, 29
List the prime factors of 2259.
3, 251
What are the prime factors of 297?
3, 11
List the prime factors of 11063.
13, 23, 37
What are the prime factors of 10812?
2, 3, 17, 53
What are the prime factors of 54372?
2, 3, 23, 197
List the prime factors of 4099.
4099
List the prime factors of 74014.
2, 23, 1609
What are the prime factors of 5817?
3, 7, 277
What are the prime factors of 4577?
23, 199
List the prime factors of 46860.
2, 3, 5, 11, 71
What are the prime factors of 1517?
37, 41
What are the prime factors of 15349?
15349
What are the prime factors of 2080?
2, 5, 13
List the prime factors of 6212.
2, 1553
List the prime factors of 12870.
2, 3, 5, 11, 13
List the prime factors of 564.
2, 3, 47
List the prime factors of 753.
3, 251
What are the prime factors of 6501?
3, 11, 197
What are the prime factors of 27236?
2, 11, 619
What are the prime factors of 200?
2, 5
List the prime factors of 198.
2, 3, 11
What are the prime factors of 370?
2, 5, 37
List the prime factors of 5455.
5, 1091
What are the prime factors of 9778?
2, 4889
What are the prime factors of 35587?
19, 1873
What are the prime factors of 1156?
2, 17
What are the prime factors of 355?
5, 71
List the prime factors of 2784.
2, 3, 29
What are the prime factors of 2218?
2, 1109
What are the prime factors of 19567?
17, 1151
What are the prime factors of 19486?
2, 9743
What are the prime factors of 11630?
2, 5, 1163
What are the prime factors of 73983?
3, 7, 13, 271
List the prime factors of 1350.
2, 3, 5
List the prime factors of 17048.
2, 2131
List the prime factors of 2661.
3, 887
What are the prime factors of 1664?
2, 13
What are the prime factors of 353?
353
What are the prime factors of 4845?
3, 5, 17, 19
What are the prime factors of 1009?
1009
What are the prime factors of 5559?
3, 17, 109
List the prime factors of 2117.
29, 73
What are the prime factors of 44043?
3, 53, 277
List the prime factors of 1536.
2, 3
List the prime factors of 67688.
2, 8461
List the prime factors of 576.
2, 3
What are the prime factors of 163?
163
What are the prime factors of 11386?
2, 5693
What are the prime factors of 1527?
3, 509
What are the prime factors of 3691?
3691
List the prime factors of 11594.
2, 11, 17, 31
What are the prime factors of 5752?
2, 719
What are the prime factors of 4256?
2, 7, 19
List the prime factors of 89683.
11, 31, 263
List the prime factors of 1460.
2, 5, 73
List the prime factors of 2180.
2, 5, 109
List the prime factors of 1858.
2, 929
What are the prime factors of 553?
7, 79
List the prime factors of 73959.
3, 89, 277
List the prime factors of 485.
5, 97
List the prime factors of 4056.
2, 3, 13
List the prime factors of 15824.
2, 23, 43
List the prime factors of 66.
2, 3, 11
What are the prime factors of 632?
2, 79
What are the prime factors of 32588?
2, 8147
List the prime factors of 179.
179
List the prime factors of 808.
2, 101
What are the prime factors of 332?
2, 83
List the prime factors of 743.
743
What are the prime factors of 16613?
37, 449
List the prime factors of 49895.
5, 17, 587
What are the prime factors of 43265?
5, 17, 509
List the prime factors of 46006.
2, 23003
List the prime factors of 219.
3, 73
List the prime factors of 42764.
2, 10691
List the prime factors of 1877.
1877
What are the prime factors of 39799?
39799
What are the prime factors of 39907?
7, 5701
List the prime factors of 7885.
5, 19, 83
List the prime factors of 17752.
2, 7, 317
List the prime factors of 409.
409
List the prime factors of 11158.
2, 7, 797
What are the prime factors of 10009?
10009
What are the prime factors of 71441?
199, 359
List the prime factors of 960.
2, 3, 5
List the prime factors of 15488.
2, 11
List the prime factors of 52242.
2, 3, 8707
What are the prime factors of 103?
103
What are the prime factors of 2621?
2621
List the prime factors of 412.
2, 103
List the prime factors of 11.
11
What are the prime factors of 25208?
2, 23, 137
List the prime factors of 3757.
13, 17
List the prime factors of 23384.
2, 37, 79
What are the prime factors of 11309?
43, 263
List the prime factors of 23418.
2, 3, 1301
What are the prime factors of 484?
2, 11
What are the prime factors of 1155?
3, 5, 7, 11
List the prime factors of 7330.
2, 5, 733
List the prime factors of 1422.
2, 3, 79
What are the prime factors of 19568?
2, 1223
List the prime factors of 45221.
11, 4111
What are the prime factors of 16572?
2, 3, 1381
List the prime factors of 30516.
2, 3, 2543
List the prime factors of 721.
7, 103
What are the prime factors of 30413?
17, 1789
What are the prime factors of 510?
2, 3, 5, 17
What are the prime factors of 1178?
2, 19, 31
What are the prime factors of 753?
3, 251
What are the prime factors of 52623?
3, 1949
What are the prime factors of 59798?
2, 29, 1031
List the prime factors of 108808.
2, 7, 29, 67
List the prime factors of 40703.
13, 31, 101
What are the prime factors of 73985?
5, 1479